20 (base 8) to base 12.
6328
-71c3 (base 13) to base 8
-36533
What is -11011010 (base 2) in base 16?
-da
Convert -10421 (base 6) to base 5.
-21303
What is -12122222 (base 3) in base 5?
-113010
Convert 20275 (base 10) to base 11.
14262
What is 40d (base 14) in base 9?
1075
Convert -29894 (base 11) to base 6.
-523552
What is -10131 (base 8) in base 7?
-15126
What is 259 (base 12) in base 8?
545
Convert 115 (base 12) to base 15.
ab
Convert 2811 (base 10) to base 7.
11124
What is -111001011001 (base 2) in base 16?
-e59
Convert 592 (base 11) to base 9.
864
What is 584 (base 10) in base 4?
21020
Convert -141333 (base 5) to base 7.
-23015
-10bb5 (base 13) to base 15
-90cd
-510 (base 6) to base 10
-186
Convert 1010100 (base 2) to base 5.
314
Convert 12348 (base 9) to base 14.
3054
What is 210220 (base 3) in base 12?
413
Convert d (base 16) to base 6.
21
What is 800 (base 12) in base 3?
1120200
4684 (base 14) to base 13
5779
Convert 1123 (base 9) to base 14.
435
1001 (base 9) to base 13
442
182 (base 15) to base 12
24b
What is 19945 (base 12) in base 16?
9305
Convert -10022000111 (base 3) to base 2.
-1111110101111110
What is 1bb5 (base 16) in base 2?
1101110110101
What is 22517 (base 8) in base 12?
563b
404032 (base 5) to base 9
18763
What is 1088 (base 10) in base 3?
1111022
Convert -8aa (base 14) to base 5.
-23333
30101 (base 5) to base 13
b33
What is -10011000101001 (base 2) in base 8?
-23051
22ff (base 16) to base 9
13254
What is -1338 (base 12) in base 14?
-b36
2c5 (base 13) to base 3
200111
39598 (base 10) to base 5
2231343
What is -22637 (base 8) in base 15?
-2cc1
Convert -52d (base 16) to base 11.
-aa5
What is -1a3a (base 15) in base 8?
-13060
Convert 1250 (base 8) to base 14.
368
Convert -1110000100010 (base 2) to base 10.
-7202
Convert -1bb (base 16) to base 5.
-3233
Convert -40206 (base 7) to base 2.
-10010111101100
Convert -1d6d (base 14) to base 7.
-21466
Convert -2101112 (base 3) to base 8.
-3316
Convert 1000011101110100 (base 2) to base 13.
12a25
What is 10a43 (base 13) in base 5?
1432211
-590 (base 10) to base 6
-2422
5aa (base 15) to base 7
3514
-25319 (base 11) to base 2
-1000110111100000
Convert 113622 (base 7) to base 12.
ba83
-4832 (base 11) to base 3
-22200100
511114 (base 6) to base 4
21313312
Convert -4044 (base 5) to base 12.
-378
Convert -11111011 (base 2) to base 15.
-11b
-234401 (base 5) to base 15
-28bb
2739 (base 13) to base 16
15f9
Convert -9a9c (base 15) to base 13.
-11bbc
What is -100101000 (base 2) in base 13?
-19a
-10001 (base 7) to base 9
-3258
156 (base 13) to base 10
240
39579 (base 12) to base 13
299c1
3c9 (base 16) to base 2
1111001001
What is 63112 (base 7) in base 5?
443433
Convert -2627 (base 11) to base 3.
-11200120
-781 (base 12) to base 8
-2121
What is -101100 (base 3) in base 8?
-427
Convert 2053 (base 7) to base 8.
1324
Convert -110001000110101 (base 2) to base 9.
-37434
What is 83 (base 15) in base 5?
443
-e67 (base 16) to base 14
-14b5
197 (base 13) to base 9
355
What is -110211000 (base 3) in base 7?
-36144
6ebf (base 16) to base 14
a491
120 (base 14) to base 5
1344
2327 (base 12) to base 16
f4f
Convert 2943 (base 15) to base 2.
10001010000110
What is 1343151 (base 6) in base 10?
75883
What is 2757 (base 13) in base 16?
1611
1753 (base 9) to base 8
2500
What is 1513 (base 6) in base 8?
625
-243330 (base 5) to base 16
-23ff
Convert 755 (base 11) to base 6.
4111
Convert 143 (base 11) to base 13.
cc
What is 1b1 (base 16) in base 9?
531
Convert -241 (base 14) to base 13.
-287
What is 1256 (base 7) in base 4?
13202
Convert -200021 (base 5) to base 9.
-8526
-36350 (base 7) to base 9
-13852
100 (base 6) to base 15
26
Convert 141 (base 15) to base 3.
101121
Convert -14b (base 13) to base 7.
-451
What is -9a (base 13) in base 15?
-87
-4669 (base 10) to base 14
-19b7
What is -6 (base 9) in base 15?
-6
Convert 2752 (base 8) to base 13.
8c6
23502 (base 8) to base 4
2131002
What is -42222 (base 6) in base 16?
-1646
What is 107 (base 8) in base 15?
4b
233 (base 8) to base 11
131
What is 132201 (base 4) in base 7?
5460
What is 158 (base 9) in base 10?
134
Convert -52431 (base 6) to base 3.
-100201001
1021120 (base 3) to base 8
1645
-311 (base 7) to base 4
-2123
What is 4a49 (base 13) in base 4?
2210223
What is -10000111100 (base 2) in base 6?
-5004
-430 (base 7) to base 11
-188
-2c1 (base 14) to base 10
-561
What is 1352 (base 10) in base 5?
20402
-57b (base 14) to base 11
-900
Convert -7490 (base 10) to base 4.
-1311002
What is -c381 (base 13) in base 10?
-26976
What is 3cd2 (base 16) in base 2?
11110011010010
What is -4125 (base 7) in base 14?
-74c
43d (base 16) to base 14
577
Convert 365 (base 8) to base 14.
137
Convert -884 (base 15) to base 14.
-9b6
6b82 (base 13) to base 8
35453
1b1 (base 14) to base 5
2401
What is -509 (base 10) in base 16?
-1fd
1918 (base 16) to base 7
24505
What is 1311020 (base 4) in base 15?
234b
-406 (base 10) to base 8
-626
What is -1666 (base 8) in base 7?
-2525
3202 (base 4) to base 15
101
10011001100 (base 2) to base 10
1228
16d (base 14) to base 9
355
What is -1344444 (base 5) in base 13?
-ca55
-4a99 (base 14) to base 3
-122221010
11301 (base 4) to base 16
171
What is 5042 (base 8) in base 4?
220202
1021201011 (base 3) to base 7
133525
Convert -1041401 (base 5) to base 13.
-8478
What is 44c (base 15) in base 7?
2556
Convert 29990 (base 10) to base 5.
1424430
-28b (base 15) to base 11
-489
What is 12232 (base 6) in base 4?
130130
-1491 (base 10) to base 6
-10523
What is 290 (base 15) in base 6?
2413
-fdf (base 16) to base 10
-4063
What is -2012021 (base 3) in base 14?
-824
What is -4445 (base 7) in base 15?
-71b
Convert 1101 (base 5) to base 15.
a1
What is 12431 (base 7) in base 15?
ea5
What is 26 (base 13) in base 8?
40
What is -14881 (base 10) in base 9?
-22364
What is -153 (base 8) in base 15?
-72
-3721 (base 11) to base 15
-1693
Convert -24f (base 16) to base 11.
-498
Convert -1040034 (base 6) to base 16.
-ca96
What is -127 (base 15) in base 10?
-262
13123 (base 7) to base 8
6650
Convert 4307 (base 12) to base 15.
22a1
-15ab (base 13) to base 7
-12165
What is -2c71 (base 13) in base 15?
-1de4
What is -110100010 (base 2) in base 3?
-120111
Convert 121 (base 13) to base 4.
3010
What is -6344 (base 10) in base 16?
-18c8
-928 (base 10) to base 12
-654
3302223 (base 4) to base 3
210022020
Convert 201 (base 13) to base 7.
663
Convert ca0 (base 13) to base 3.
2221221
What is -820 (base 15) in base 5?
-24310
4773 (base 8) to base 2
100111111011
Convert -113 (base 8) to base 7.
-135
-515 (base 8) to base 15
-173
Convert 1212000 (base 3) to base 9.
1760
Convert 23030 (base 4) to base 5.
10331
What is -c84b (base 16) in base 10?
-51275
22113 (base 5) to base 13
90c
Convert 385 (base 14) to base 3.
222010
What is d33 (base 15) in base 8?
5635
Convert -16203 (base 8) to base 4.
-1302003
Convert -244 (base 15) to base 3.
-201001
3101013 (base 4) to base 7
54006
Convert -256a (base 16) to base 15.
-2c88
Convert -921 (base 11) to base 5.
-13422
What is 1976 (base 14) in base 13?
213a
What is -384 (base 10) in base 4?
-12000
Convert -2101 (base 3) to base 5.
-224
-110111000000000 (base 2) to base 16
-6e00
What is 14420 (base 5) in base 10?
1235
Convert 3705 (base 10) to base 14.
14c9
-5914 (base 13) to base 7
-51340
Convert -21201022 (base 3) to base 12.
-3308
What is -1110101010110101 (base 2) in base 14?
-17c7b
89bd (base 14) to base 9
35676
12220120 (base 3) to base 16
10d4
What is -13030 (base 4) in base 12?
-324
What is -10b (base 16) in base 2?
-100001011
What is -1000001010 (base 2) in base 3?
-201100
Convert 11cc (base 15) to base 3.
12012110
What is 126630 (base 9) in base 10?
77058
What is 254 (base 13) in base 15?
1c2
What is 420 (base 9) in base 5?
2332
What is -8c2 (base 14) in base 10?
-1738
Convert -1111100 (base 2) to base 11.
-103
Convert -120666 (base 7) to base 11.
-15546
223302 (base 7) to base 4
21222222
What is 220312 (base 4) in base 11?
1a67
147 (base 11) to base 6
444
604 (base 7) to base 9
361
What is 9118 (base 11) in base 2?
10111101010111
Convert 366 (base 12) to base 14.
286
Convert -ac27 (base 15) to base 8.
-107207
Convert -1212 (base 6) to base 15.
-14b
Convert -298 (base 15) to base 9.
-728
What is 5053 (base 9) in base 2?
111001101101
Convert -21dd (base 16)